emainder when 4423 is divided by 2?
1
What is the remainder when 1132 is divided by 25?
7
Calculate the remainder when 119 is divided by 7.
0
Calculate the remainder when 186 is divided by 5.
1
Calculate the remainder when 7789 is divided by 104.
93
Calculate the remainder when 102 is divided by 40.
22
Calculate the remainder when 9613 is divided by 38.
37
What is the remainder when 169 is divided by 25?
19
Calculate the remainder when 150 is divided by 59.
32
Calculate the remainder when 651 is divided by 210.
21
Calculate the remainder when 75 is divided by 38.
37
Calculate the remainder when 6207 is divided by 46.
43
What is the remainder when 149 is divided by 16?
5
Calculate the remainder when 482 is divided by 97.
94
Calculate the remainder when 280 is divided by 83.
31
Calculate the remainder when 239 is divided by 51.
35
Calculate the remainder when 7465 is divided by 30.
25
Calculate the remainder when 10 is divided by 6.
4
What is the remainder when 30 is divided by 27?
3
What is the remainder when 308 is divided by 148?
12
What is the remainder when 1452 is divided by 56?
52
What is the remainder when 754 is divided by 150?
4
What is the remainder when 4595 is divided by 383?
382
Calculate the remainder when 793 is divided by 285.
223
What is the remainder when 7230 is divided by 226?
224
What is the remainder when 130 is divided by 8?
2
What is the remainder when 2001 is divided by 541?
378
What is the remainder when 2569 is divided by 122?
7
What is the remainder when 205 is divided by 62?
19
What is the remainder when 696 is divided by 233?
230
Calculate the remainder when 230 is divided by 62.
44
Calculate the remainder when 2447 is divided by 10.
7
Calculate the remainder when 62 is divided by 6.
2
Calculate the remainder when 66 is divided by 7.
3
Calculate the remainder when 116 is divided by 39.
38
Calculate the remainder when 1973 is divided by 52.
49
What is the remainder when 342 is divided by 38?
0
What is the remainder when 452 is divided by 93?
80
Calculate the remainder when 7869 is divided by 12.
9
Calculate the remainder when 328 is divided by 104.
16
What is the remainder when 1581 is divided by 36?
33
Calculate the remainder when 322 is divided by 33.
25
What is the remainder when 412 is divided by 144?
124
What is the remainder when 109 is divided by 35?
4
Calculate the remainder when 10581 is divided by 36.
33
Calculate the remainder when 33 is divided by 20.
13
Calculate the remainder when 2230 is divided by 26.
20
Calculate the remainder when 1659 is divided by 52.
47
What is the remainder when 89 is divided by 10?
9
What is the remainder when 453 is divided by 78?
63
What is the remainder when 28 is divided by 16?
12
Calculate the remainder when 20424 is divided by 33.
30
What is the remainder when 294 is divided by 11?
8
Calculate the remainder when 501 is divided by 18.
15
What is the remainder when 748 is divided by 16?
12
Calculate the remainder when 392 is divided by 82.
64
What is the remainder when 1429 is divided by 10?
9
What is the remainder when 574 is divided by 178?
40
What is the remainder when 287 is divided by 8?
7
Calculate the remainder when 129 is divided by 6.
3
Calculate the remainder when 2398 is divided by 96.
94
Calculate the remainder when 565 is divided by 71.
68
Calculate the remainder when 186 is divided by 57.
15
What is the remainder when 988 is divided by 45?
43
Calculate the remainder when 883 is divided by 280.
43
Calculate the remainder when 92 is divided by 33.
26
What is the remainder when 646 is divided by 93?
88
Calculate the remainder when 1266 is divided by 27.
24
What is the remainder when 105 is divided by 6?
3
What is the remainder when 109 is divided by 47?
15
Calculate the remainder when 401 is divided by 67.
66
Calculate the remainder when 1016 is divided by 30.
26
What is the remainder when 128 is divided by 55?
18
Calculate the remainder when 403 is divided by 27.
25
Calculate the remainder when 1387 is divided by 292.
219
Calculate the remainder when 143 is divided by 38.
29
Calculate the remainder when 5904 is divided by 984.
0
Calculate the remainder when 3551 is divided by 11.
9
What is the remainder when 48 is divided by 31?
17
What is the remainder when 9468 is divided by 77?
74
Calculate the remainder when 4181 is divided by 15.
11
Calculate the remainder when 125 is divided by 70.
55
What is the remainder when 153 is divided by 40?
33
What is the remainder when 12 is divided by 7?
5
Calculate the remainder when 319 is divided by 50.
19
What is the remainder when 1683 is divided by 557?
12
Calculate the remainder when 297 is divided by 23.
21
Calculate the remainder when 103 is divided by 18.
13
What is the remainder when 4617 is divided by 12?
9
What is the remainder when 27 is divided by 20?
7
What is the remainder when 1736 is divided by 158?
156
Calculate the remainder when 1312 is divided by 73.
71
Calculate the remainder when 400 is divided by 41.
31
Calculate the remainder when 380 is divided by 47.
4
What is the remainder when 293 is divided by 74?
71
What is the remainder when 179 is divided by 14?
11
Calculate the remainder when 607 is divided by 61.
58
Calculate the remainder when 2692 is divided by 2687.
5
Calculate the remainder when 191 is divided by 28.
23
What is the remainder when 173 is divided by 7?
5
Calculate the remainder when 103 is divided by 102.
1
What is the remainder when 822 is divided by 7?
3
Calculate the remainder when 27 is divided by 9.
0
What is the remainder when 274 is divided by 246?
28
Calculate the remainder when 1487 is divided by 5.
2
What is the remainder when 1183 is divided by 1183?
0
What is the remainder when 397 is divided by 188?
21
Calculate the remainder when 2843 is divided by 25.
18
Calculate the remainder when 68 is divided by 65.
3
Calculate the remainder when 340 is divided by 19.
17
What is the remainder when 106 is divided by 19?
11
Calculate the remainder when 233 is divided by 61.
50
What is the remainder when 401 is divided by 81?
77
What is the remainder when 173 is divided by 61?
51
Calculate the remainder when 61 is divided by 22.
17
What is the remainder when 574 is divided by 73?
63
Calculate the remainder when 113 is divided by 8.
1
What is the remainder when 416 is divided by 83?
1
What is the remainder when 167 is divided by 27?
5
Calculate the remainder when 128 is divided by 11.
7
What is the remainder when 4382 is divided by 4?
2
Calculate the remainder when 529 is divided by 14.
11
What is the remainder when 347 is divided by 50?
47
What is the remainder when 98 is divided by 38?
22
What is the remainder when 100 is divided by 57?
43
What is the remainder when 633 is divided by 6?
3
What is the remainder when 63 is divided by 57?
6
Calculate the remainder when 226 is divided by 95.
36
What is the remainder when 223 is divided by 57?
52
Calculate the remainder when 395 is divided by 57.
53
Calculate the remainder when 1908 is divided by 23.
22
What is the remainder when 58 is divided by 7?
2
Calculate the remainder when 247 is divided by 134.
113
Calculate the remainder when 48 is divided by 24.
0
Calculate the remainder when 557 is divided by 94.
87
What is the remainder when 2950 is divided by 67?
2
Calculate the remainder when 1564 is divided by 29.
27
Calculate the remainder when 1390 is divided by 3.
1
Calculate the remainder when 377 is divided by 115.
32
What is the remainder when 228 is divided by 21?
18
Calculate the remainder when 291 is divided by 30.
21
What is the remainder when 26 is divided by 13?
0
Calculate the remainder when 5584 is divided by 114.
112
Calculate the remainder when 1674 is divided by 430.
384
Calculate the remainder when 14048 is divided by 142.
132
Calculate the remainder when 1676 is divided by 104.
12
Calculate the remainder when 201 is divided by 68.
65
What is the remainder when 2077 is divided by 11?
9
What is the remainder when 5627 is divided by 67?
66
What is the remainder when 123 is divided by 32?
27
Calculate the remainder when 401 is divided by 26.
11
Calculate the remainder when 1294 is divided by 1282.
12
What is the remainder when 693 is divided by 87?
84
Calculate the remainder when 649 is divided by 23.
5
What is the remainder w